he tens digit of 5616?
1
What is the hundreds digit of 1744?
7
What is the units digit of 63153?
3
What is the units digit of 329?
9
What is the units digit of 2616?
6
What is the units digit of 1990?
0
What is the thousands digit of 7850?
7
What is the ten thousands digit of 21011?
2
What is the hundreds digit of 73872?
8
What is the hundreds digit of 36179?
1
What is the tens digit of 257?
5
What is the tens digit of 10149?
4
What is the thousands digit of 18888?
8
What is the units digit of 12714?
4
What is the ten thousands digit of 81150?
8
What is the hundreds digit of 21293?
2
What is the tens digit of 6011?
1
What is the units digit of 9925?
5
What is the hundreds digit of 7257?
2
What is the units digit of 10161?
1
What is the thousands digit of 1793?
1
What is the tens digit of 925?
2
What is the units digit of 59386?
6
What is the tens digit of 19705?
0
What is the hundreds digit of 188?
1
What is the tens digit of 203?
0
What is the tens digit of 628?
2
What is the thousands digit of 1251?
1
What is the units digit of 2213?
3
What is the tens digit of 28393?
9
What is the tens digit of 537?
3
What is the tens digit of 111253?
5
What is the units digit of 484?
4
What is the units digit of 414?
4
What is the ten thousands digit of 38892?
3
What is the tens digit of 76535?
3
What is the hundreds digit of 77674?
6
What is the tens digit of 2487?
8
What is the hundreds digit of 3978?
9
What is the thousands digit of 16617?
6
What is the thousands digit of 35599?
5
What is the thousands digit of 3964?
3
What is the hundreds digit of 2434?
4
What is the hundreds digit of 175690?
6
What is the tens digit of 128564?
6
What is the hundreds digit of 241?
2
What is the tens digit of 1274?
7
What is the hundreds digit of 8154?
1
What is the units digit of 146614?
4
What is the hundreds digit of 837?
8
What is the hundreds digit of 514?
5
What is the units digit of 226?
6
What is the tens digit of 48666?
6
What is the thousands digit of 18214?
8
What is the thousands digit of 2940?
2
What is the tens digit of 30?
3
What is the ten thousands digit of 44492?
4
What is the units digit of 1733?
3
What is the tens digit of 968?
6
What is the hundreds digit of 1920?
9
What is the units digit of 18139?
9
What is the units digit of 126539?
9
What is the ten thousands digit of 20138?
2
What is the units digit of 7784?
4
What is the units digit of 27977?
7
What is the units digit of 19929?
9
What is the units digit of 3941?
1
What is the hundreds digit of 630?
6
What is the units digit of 1280?
0
What is the tens digit of 418?
1
What is the tens digit of 54409?
0
What is the hundreds digit of 11876?
8
What is the units digit of 79882?
2
What is the tens digit of 1753?
5
What is the units digit of 5112?
2
What is the units digit of 70417?
7
What is the thousands digit of 22882?
2
What is the units digit of 293?
3
What is the tens digit of 13103?
0
What is the thousands digit of 34720?
4
What is the hundreds digit of 11777?
7
What is the tens digit of 3665?
6
What is the tens digit of 22461?
6
What is the tens digit of 264?
6
What is the tens digit of 3868?
6
What is the units digit of 8277?
7
What is the tens digit of 9646?
4
What is the hundreds digit of 2018?
0
What is the tens digit of 1482?
8
What is the hundreds digit of 4525?
5
What is the units digit of 43119?
9
What is the thousands digit of 1494?
1
What is the hundreds digit of 45175?
1
What is the tens digit of 211?
1
What is the units digit of 1261?
1
What is the hundreds digit of 443?
4
What is the hundreds digit of 49367?
3
What is the hundreds digit of 64166?
1
What is the units digit of 34181?
1
What is the hundreds digit of 5973?
9
What is the units digit of 635?
5
What is the tens digit of 196?
9
What is the tens digit of 55315?
1
What is the thousands digit of 26690?
6
What is the tens digit of 4976?
7
What is the units digit of 18766?
6
What is the tens digit of 11925?
2
What is the units digit of 23161?
1
What is the thousands digit of 20094?
0
What is the tens digit of 1819?
1
What is the hundreds digit of 1150?
1
What is the ten thousands digit of 10153?
1
What is the thousands digit of 3293?
3
What is the hundreds digit of 5958?
9
What is the hundreds digit of 1333?
3
What is the tens digit of 22297?
9
What is the units digit of 5033?
3
What is the units digit of 20684?
4
What is the units digit of 100737?
7
What is the units digit of 61197?
7
What is the thousands digit of 8693?
8
What is the ten thousands digit of 57460?
5
What is the ten thousands digit of 19520?
1
What is the tens digit of 1225?
2
What is the ten thousands digit of 19782?
1
What is the ten thousands digit of 12939?
1
What is the tens digit of 32199?
9
What is the hundreds digit of 14506?
5
What is the tens digit of 36536?
3
What is the thousands digit of 8050?
8
What is the units digit of 1201?
1
What is the units digit of 178854?
4
What is the thousands digit of 29491?
9
What is the thousands digit of 1421?
1
What is the hundreds digit of 111766?
7
What is the tens digit of 2644?
4
What is the thousands digit of 41873?
1
What is the hundreds digit of 582?
5
What is the units digit of 3059?
9
What is the units digit of 2669?
9
What is the tens digit of 2818?
1
What is the thousands digit of 22476?
2
What is the thousands digit of 2235?
2
What is the hundreds digit of 8106?
1
What is the units digit of 1355?
5
What is the hundreds digit of 42391?
3
What is the hundreds digit of 169986?
9
What is the units digit of 115?
5
What is the hundreds digit of 1428?
4
What is the ten thousands digit of 17925?
1
What is the thousands digit of 6952?
6
What is the units digit of 58082?
2
What is the tens digit of 16871?
7
What is the hundreds digit of 4698?
6
What is the thousands digit of 54160?
4
What is the hundreds digit of 1544?
5
What is the hundreds digit of 306?
3
What is the tens digit of 536?
3
What is the hundred thousands digit of 132180?
1
What is the hundreds digit of 784?
7
What is the units digit of 6409?
9
What is the tens digit of 285?
8
What is the units digit of 7858?
8
What is the hundreds digit of 5600?
6
What is the units digit of 1560?
0
What is the units digit of 4679?
9
What is the hundreds digit of 691?
6
What is the tens digit of 1360?
6
What is the tens digit of 7377?
7
What is the units digit of 49278?
8
What is the units digit of 1499?
9
What is the units digit of 28341?
1
What is the thousands digit of 5764?
5
What is the thousands digit of 5256?
5
What is the ten thousands digit of 38099?
3
What is the tens digit of 21461?
6
What is the thousands digit of 19049?
9
What is the units digit of 29007?
7
What is the tens digit of 39375?
7
What is the hundreds digit of 20375?
3
What is the units digit of 848?
8
What is the units digit of 947?
7
What is the tens digit of 255?
5
What is the hundreds digit of 780?
7
What is the hundreds digit of 157267?
2
What is the tens digit of 31581?
8
What is the tens digit of 70722?
2
What is the units digit of 23212?
2
What is the thousands digit of 3847?
3
What is the hundreds digit of 3106?
1
What is the units digit of 3175?
5
What is the units digit of 28685?
5
What is the tens digit of 6090?
9
What is the tens digit of 9662?
6
What is the thousands digit of 12861?
2
What is the hundreds digit of 1032?
0
What is the units digit of 1698?
8
What is the thousands digit of 5183?
5
What is the units digit of 29?
9
What is the ten thousands digit of 33299?
3
What is the tens digit of 97?
9
What is the hundreds digit of 741?
7
What is the units digit of 2349?
9
What is the units digit of 2219?
9
What is the tens digit of 40576?
7
What is the hundreds digit of 1075?
0
What is the ten thousands digit of 29646?
2
What is the tens digit of 1070?
7
What is the hundred thousands digit of 186335?
1
What is the tens digit of 791?
9
What is the hundreds digit of 132914?
9
What is the units digit of 5477?
7
What is the ten thousands digit of 11829?
1
What is the hundreds digit of 5621?
6
What is the hundreds digit of 9582?
5
What is the tens digit of 1401?
0
What is the thousands digit of 61181?
1
What is the hundreds digit of 306?
3
What is the hundreds digit of 124?
1
What is the units digit of 2147?
7
What is the hundreds digit of 1406?
4
What is the units digit of 224